 is the units digit of o(s)?
7
Let h(c) = 541*c + 50. What is the ten thousands digit of h(19)?
1
Let y(n) = 2*n - 3. Let m be y(0). Let a be 0 + 4 + m + 2 + 1. Suppose -3*q = a*g - 30, 0*q + 4*q = g - 17. What is the units digit of g?
9
Let k(t) = -7*t**2 - 7*t + 4. Let x be k(-3). Let y be 148/28 + x/(-14) + -3. Suppose -c = -3*o + 15 + 62, -y*c = 3*o - 47. What is the tens digit of o?
2
Let t(p) = -12*p + 156. Let l be t(-17). Suppose 359*s + 516 = l*s. What is the tens digit of s?
1
Let n be 9/(-21) + 18/(-28)*-10. Let y(s) = -s**3 + 7*s**2 - 6*s + 3. Let a be y(n). Suppose -a*t + 20 = -t. What is the tens digit of t?
1
Suppose -234 = -7*u + u. Suppose 3*g = u - 15. What is the units digit of g?
8
Let h(p) = -p**3 - 37*p**2 + 78*p + 6. Let r be h(-39). Let s(a) be the second derivative of 3*a**3 + 22*a**2 - 9*a. What is the hundreds digit of s(r)?
1
Let g(u) = -21*u + 1. Suppose 0 = -2*x + 9 + 5. Let w(y) = 63*y - 3. Let m(q) = x*g(q) + 2*w(q). What is the units digit of m(-2)?
3
Let f(h) = h**3 - 11*h**2 - 31*h - 13. Let o be f(13). Let i be 10/50 + o/(-10). Let m(l) = 2*l**2 - 4*l - 1. What is the units digit of m(i)?
5
Suppose -9 + 1 = -4*y. Suppose y = -5*j + 32. Suppose -3*k = 2*z - 61, -5*z + j + 159 = 5*k. What is the tens digit of z?
3
Let y be (2978/(-6))/((-8)/24). Suppose 2*j - c - y = -2*j, 0 = j + 4*c - 368. Let g = -172 + j. What is the hundreds digit of g?
2
Suppose 0 = 5*n + 5*p - 120485, 0 = -2*n + 25*p - 30*p + 48209. What is the hundreds digit of n?
0
Let b be (-12)/(-15) - 243/135. Let q = 12 + -6. What is the hundreds digit of b + 5 - (-149 - q)?
1
Let r(h) = -10*h**3 - 30*h**2 - 18*h - 10. Let y be r(-8). Suppose 2*p + g = 6*g + 1680, 3*g = -4*p + y. What is the units digit of p?
5
Suppose 4*y = -2*t + 14208, -45*t + 48*t - 3557 = -y. What is the thousands digit of y?
3
What is the units digit of (-6)/15*-59*(1206 + -126)?
8
What is the tens digit of ((-312040)/(-9) - 51/459) + -13?
5
Let r be -3 - (4/(-1) - -554). Let w = r + 649. What is the tens digit of w?
9
Suppose 251*r - 224*r - 257985 = 0. What is the units digit of r?
5
Let x = 1653 + -245. Let s = -569 + x. What is the tens digit of s?
3
Suppose 21*i - 187*i = -432264. What is the hundreds digit of i?
6
Let q = 32214 + -20422. What is the ten thousands digit of q?
1
Let z = 18 + -15. Suppose u - 56 = 3*a, 2*u + a - 82 = -z*a. Let c = u + -36. What is the units digit of c?
1
Suppose 1080338 = 20*i + 84*i - 292046. What is the thousands digit of i?
3
Let x(b) = b + 34. Let m be x(-17). Suppose 14*u = m*u + 192. What is the units digit of (189/4)/((-24)/u)?
6
Suppose -2*o = -o. Suppose 5*w + 3*p = -o*w + 528, 205 = 2*w - 5*p. What is the units digit of (w/42)/(10/8)?
2
Let y(h) = 59*h**2 - 36*h + 362. What is the hundreds digit of y(11)?
1
Let h = 1096 + 249. What is the hundreds digit of h?
3
Let r(b) = 2*b**2 + 10*b + 3. Let h be r(-5). Suppose -h*t + 2657 + 1544 = -4*j, -t - 2*j + 1387 = 0. What is the units digit of t?
5
Suppose 0 = -177*j + 2991368 - 147148 + 1197575. What is the units digit of j?
5
Suppose -895 = -3*g - 3*w + 668, -w - 517 = -g. Let i = g + -123. What is the tens digit of i?
9
What is the hundreds digit of 24/(-80) + 1/((-60)/(-236418))?
9
Suppose -2*s = 2*r - 76, -s = -5*s + 2*r + 146. Let z = -34 + s. Suppose -k + 5 = 0, -5 = -b + z*b - 3*k. What is the units digit of b?
5
Let z(v) = -v**3 - 12*v**2 + v + 1368. Let h(y) = y**2 + 11*y - 42. Let m be h(-14). What is the tens digit of z(m)?
6
Let f(o) = -o**3 - 15*o**2 + 15*o - 7. Let v be f(-16). What is the hundreds digit of (-3)/(-1)*(1338/v - 1)?
4
Suppose -2*w = 0, 5*w + 44 = -2*t - 20. Let j = t - -33. Suppose -m = -3*a - 22, 2*m + 3*a = -j - 0. What is the units digit of m?
7
What is the units digit of 4767/8 + ((-30)/48)/(-9 - -4)?
6
What is the thousands digit of (17739 + 2 - -1)*((-1)/(-2) + 0)?
8
Suppose -c + 4*r - 8 = 0, 4*c = -4*r + 2*r + 40. Suppose -x + 6 = -5*v - c, -4*v - 2*x = 14. What is the units digit of (-1)/v + -2 + 4908/18?
1
Suppose q = 5, -2*q = 5*s - 17960 - 28830. What is the tens digit of s?
5
Let k be (6 - 2)/(2/(-63)). Suppose -3*z + 17*w + 608 = 18*w, 3*z = 2*w + 593. Let b = z + k. What is the tens digit of b?
7
Suppose 3*d + 28 = -38. Let x(j) = -j**3 - 21*j**2 + 15*j + 38. What is the units digit of x(d)?
2
Suppose 4*g - 3*w - 45886 = 0, 20*w - 16*w - 11443 = -g. What is the thousands digit of g?
1
Let j = -202 - -206. Suppose 9 = 19*c - 16*c, j*z + 2*c - 1474 = 0. What is the tens digit of z?
6
Let n = 2 - -71. Suppose 29 = -z - n. Let q = -52 - z. What is the units digit of q?
0
Let y be (-54)/36*4/(-3). Suppose -2*n + 898 = 4*p, 0*n + 5*n - 5*p - 2290 = 0. Suppose -5*s + n = y*s. What is the units digit of s?
5
What is the hundreds digit of (-603)/(((-148)/492)/37)?
1
Suppose 9*z = z + 112. Suppose 910 = -z*p + 16*p. Suppose p - 63 = 2*a. What is the tens digit of a?
9
Let p = -5793 - -15638. What is the hundreds digit of p?
8
What is the tens digit of (-20)/(-2 + 4)*(-9 - (-3 - -3781))?
7
What is the tens digit of 999 + 18/(-2) + 3?
9
Let y = -188 - -206. Suppose 14*x + 2096 = y*x. What is the hundreds digit of x?
5
Let q = -47 + 83. Let a = q - 16. Suppose -f + 4*u = -a, u - 58 + 23 = -f. What is the tens digit of f?
3
Let o(j) = -75*j + 44. Let t(z) = -150*z + 88. Let i(g) = 9*o(g) - 4*t(g). Let h(m) = -112*m + 66. Let v(a) = -5*h(a) + 7*i(a). What is the tens digit of v(2)?
4
Suppose 0 = -f + 4*y + 19703, -13*y + 78665 = 4*f - 8*y. What is the tens digit of f?
7
Let j(y) = -5*y - 10. Let r be j(-4). Suppose -8*c - 700 = -r*c. What is the tens digit of c?
5
What is the thousands digit of 1306198/18 + -2 + 36*(-26)/(-2106)?
2
What is the tens digit of ((-14)/56 - 3)*-1700?
2
Let w(m) = -10*m**3 - 10*m**2 - 6*m - 11. What is the units digit of w(-9)?
3
Suppose 0 = -6*z - 17*z - 36*z + 776145. What is the hundreds digit of z?
1
Let l = 70658 + -36345. What is the ten thousands digit of l?
3
Let r(v) = 15*v**2 + v - 2. Let w be r(1). Suppose 22 - w = 2*u. Suppose u*p = -b + 70, 21 - 6 = 5*p. What is the units digit of b?
8
Suppose 48694 = 17*v - 40777. What is the hundreds digit of v?
2
Let i(j) = 2*j + 23. Let d be i(10). Let b = 115 - d. What is the units digit of b?
2
Let n(m) be the first derivative of 2*m**3/3 - 3*m**2/2 - m + 2. Let d be n(10). Suppose 5*v + 19 - d = 0. What is the tens digit of v?
3
Let q be (-1 - -1)*1/(0 - 1). Suppose q = -5*c - 3*c - 1168. Let d = 281 + c. What is the units digit of d?
5
What is the thousands digit of 120/(-12) + (-36438)/(-6)?
6
Let j(l) = 39*l**3 + 6*l**2 - 43*l + 162. Let s be j(4). Let b = s + -1453. What is the thousands digit of b?
1
Let q(h) = -1147*h + 146. What is the hundreds digit of q(-6)?
0
Let j(a) = a**2 - 4*a - 3. Let k(h) = -2*h - 23. Let v be k(-14). Let x be j(v). Suppose -x*t - 366 = -8*t. What is the tens digit of t?
6
What is the thousands digit of 24 - 2/((-6)/160563)?
3
Let y be (-20)/(-30)*(1 + 2). Let q(v) = -7*v**2 + 3*v - 5 - 14 + y + 9*v**2. What is the units digit of q(-11)?
2
Let l be -2*15/(-8)*(-97844)/(-183). Let r = -211 + l. What is the tens digit of r?
9
Suppose -4*i + 192948 = 4*p, -5*i + 85684 = p - 155533. What is the tens digit of i?
4
Let i be (22/44)/(-1 - 7/(-6)). What is the tens digit of 8094/42 + 2/7 - i?
9
Let m be ((-490)/(-4))/(4/24). Suppose 25*f + m = 28*f. What is the tens digit of f?
4
Suppose 0 = -2*y + 5*k - 1873, 2*y - 2*k + 943 + 921 = 0. Let a = 1659 + y. What is the tens digit of a?
3
Suppose -4090542 - 2069420 = -334*q. What is the units digit of q?
3
What is the hundreds digit of 59552 - 1 - ((-1)/(-4))/((-294)/(-4704))?
5
Let g(w) = -6*w**3 - w**2 + 6*w - 4. Let o(x) = 7*x**3 + x**2 - 7*x + 4. Let r(q) = -6*g(q) - 5*o(q). Let p = -79 + 83. What is the tens digit of r(p)?
8
What is the tens digit of ((303720/75)/((-2)/(-5)))/2?
6
Let c(k) = -k**2 - 15*k - 11. Let r be c(-8). Let n be ((-150)/r)/((-2)/6). Suppose -n*p - p = -2035. What is the units digit of p?
5
Let y = -3 + 14. Suppose 0 = 10*x + y*x - 105. Suppose x*f + 3*f = 1096. What is the units digit of f?
7
Suppose -7*g = -11*g + 5*g. Suppose -2*o - 5*p + 443 + 420 = g, 4*o = p + 1781. What is the units digit of o?
4
Suppose 3*h - 1698 = -5*t + 481, 0 = 5*h + 4*t - 3610. Suppose 2*w = 0,